-1789488
In base 16, what is 392 + 14b6d?
14eff
In base 4, what is -1 + -30223202100?
-30223202101
In base 3, what is -110120212020122002 + 0?
-110120212020122002
In base 7, what is 124622000 - -45?
124622045
In base 5, what is -112 + -133233214?
-133233331
In base 4, what is 100313 - -10100?
111013
In base 6, what is -130 + -5344241?
-5344411
In base 4, what is 11111 + -1101000220?
-1100323103
In base 8, what is 1542763 - 2542?
1540221
In base 16, what is -68a1 - -179d?
-5104
In base 6, what is 20044 + -51455?
-31411
In base 11, what is 101258a + 14?
10125a3
In base 12, what is -7a228 - 75?
-7a2a1
In base 4, what is -20023213113330 - -2?
-20023213113322
In base 6, what is 35523013 - -14?
35523031
In base 13, what is -6188 - -230?
-5c58
In base 6, what is -12013 + -241354?
-253411
In base 5, what is 2342110100 + 0?
2342110100
In base 14, what is -9cba76 - -3?
-9cba73
In base 2, what is -10111101 - -1001100001010001000101?
1001100001001110001000
In base 11, what is 561880 - -87?
561957
In base 2, what is 1010001001110111101001110 + 1?
1010001001110111101001111
In base 4, what is 1 - 32102103131?
-32102103130
In base 3, what is -10001021 - -11122201?
1121110
In base 7, what is -514436155 + -3?
-514436161
In base 12, what is -9b03b2a - -2?
-9b03b28
In base 3, what is 2021020 + 121001211?
200100001
In base 14, what is -d106 + -67?
-d16d
In base 5, what is -12140112 + 2?
-12140110
In base 2, what is 10111001101001011001000 + 10?
10111001101001011001010
In base 5, what is -12323032 - 443?
-12324030
In base 5, what is 3443302242 - -1?
3443302243
In base 3, what is -22212221221 - 10120?
-22220002111
In base 10, what is 40808749 - 1?
40808748
In base 12, what is 2287 + -290?
1bb7
In base 2, what is -10111100 - -100000101011110?
100000010100010
In base 4, what is 0 + 31313323201?
31313323201
In base 15, what is 5 - 239cdb2?
-239cdac
In base 10, what is -11119 - 65182?
-76301
In base 14, what is -5 - -4cca86b?
4cca866
In base 14, what is -1 + 35c43d9?
35c43d8
In base 10, what is -1 - -2352269?
2352268
In base 11, what is -2a7 - 62209?
-62505
In base 2, what is -1101001001000110010 - -1001?
-1101001001000101001
In base 4, what is 203312 - -1202101?
2012013
In base 8, what is 545 + -13274?
-12527
In base 3, what is -12001001011021022 - -10?
-12001001011021012
In base 4, what is -221132131 + 233?
-221131232
In base 9, what is 32266565 - 24?
32266541
In base 16, what is 261fb0 + -98?
261f18
In base 16, what is 6aaf - -23a7?
8e56
In base 5, what is -110124113 - -13?
-110124100
In base 4, what is -1302322311 - 2121?
-1302331032
In base 5, what is -120111233330 - 10?
-120111233340
In base 6, what is 1 - 20430422?
-20430421
In base 15, what is -13ebc + 347?
-13b75
In base 9, what is 1300088 + 60?
1300158
In base 3, what is 12111211112112211 - -1?
12111211112112212
In base 8, what is -1227 + 2331?
1102
In base 15, what is 82e0e - -a?
82e19
In base 10, what is -385 + -20156?
-20541
In base 2, what is -110011 - 1000101010100010110?
-1000101010101001001
In base 3, what is -10110100201002012 + 11?
-10110100201002001
In base 15, what is -7946 - -362?
-75d4
In base 7, what is -2 - -343406145?
343406143
In base 8, what is 44407231 + -2?
44407227
In base 16, what is c + -11178?
-1116c
In base 3, what is -20121020112012200 - -1?
-20121020112012122
In base 6, what is 10303035024 + -4?
10303035020
In base 16, what is 8 + -f548f?
-f5487
In base 4, what is -1303 + 2311313?
2310010
In base 10, what is -5021972 + -28?
-5022000
In base 11, what is 3931208 - -6?
3931213
In base 5, what is -3411034003144 - 2?
-3411034003201
In base 4, what is 2230020123 - 130?
2230013333
In base 15, what is 8dd868 - 5?
8dd863
In base 11, what is 3286 + 8717?
109a2
In base 3, what is 110 - 101202101121222?
-101202101121112
In base 16, what is 33 + 2800b?
2803e
In base 5, what is 1 + 4322204021?
4322204022
In base 11, what is -1a4a17815 - 2?
-1a4a17817
In base 8, what is -11 - -1322201002?
1322200771
In base 9, what is -25 - -814873?
814847
In base 5, what is 11111 - -4344031?
4410142
In base 2, what is -11011111000001 + 1110001010100?
-1101101101101
In base 13, what is 10 + 61709a?
6170aa
In base 14, what is 177286 + -272?
177014
In base 8, what is 3453 - 332?
3121
In base 6, what is 5 - -2114314255?
2114314304
In base 11, what is -74942860 + 1?
-7494285a
In base 15, what is -730ee86 + 0?
-730ee86
In base 13, what is -a - -21771a2?
2177195
In base 9, what is -5 + 14418833?
14418827
In base 16, what is 20aba - 119?
209a1
In base 6, what is 40 + 244040?
244120
In base 8, what is -351 + -662411?
-662762
In base 9, what is 15540 + -72483?
-55843
In base 5, what is 412 - 1010023?
-1004111
In base 13, what is -1a7348 + c?
-1a7339
In base 12, what is -b + -37ab25?
-37ab34
In base 8, what is -17170 - -25067?
5677
In base 6, what is 3430 - -103012?
110442
In base 4, what is -301 - -22012311011?
22012310110
In base 3, what is 1100000101012 + 21022?
1100000122111
In base 14, what is 1b793064 + 5?
1b793069
In base 16, what is -3 - -5c721bb?
5c721b8
In base 14, what is -b9130 - 25?
-b9155
In base 5, what is 104201404144 - -40?
104201404234
In base 7, what is 3 + -5114034150?
-5114034144
In base 11, what is 0 + -931a2a?
-931a2a
In base 10, what is 23271 + 77?
23348
In base 8, what is 161002133 + 12?
161002145
In base 11, what is 11 - -3462a5?
346306
In base 11, what is -665 - 9662?
-a217
In base 4, what is 102 - 10322103113?
-10322103011
In base 10, what is -4 + -2408919?
-2408923
In base 11, what is -8454 + 703?
-7851
In base 16, what is -38f2b9 + b?
-38f2ae
In base 9, what is -12 + -3727671?
-3727683
In base 11, what is 2 - 55206a?
-552068
In base 5, what is -4422123 + 203?
-4421420
In base 4, what is 1 - -211200200110?
211200200111
In base 14, what is -6ba2b1 + -c?
-6ba2bd
In base 4, what is 0 - 10102321230202?
-10102321230202
In base 15, what is -7471c5 + 7?
-7471bd
In base 5, what is 3 - 312412413333?
-312412413330
In base 11, what is -14608052 + 18?
-14608035
In base 15, what is -3336983 - 13?
-3336996
In base 2, what is 100101000000011000 + -1001100011?
100100110110110101
In base 11, what is -a11 - -18?
-9a4
In base 8, what is -276 - 271123?
-271421
In base 7, what is 14140553 + 1?
14140554
In base 9, what is 10666 - -62224?
73001
In base 15, what is -1 - -23a1edc?
23a1edb
In base 4, what is -12230312032 + -3012?
-12230321110
In base 3, what is 1201210012222122 + -2?
1201210012222120
In base 9, what is 65037 - 388?
64538
In base 2, what is -11000001000011100001 - -1011?
-11000001000011010110
In base 8, what is 2003161463 + 3?
2003161466
In base 16, what is 1b15b6 - 28?
1b158e
In base 12, what is -299a + 1957a?
167a0
In base 16, what is a146 - 64ac?
3c9a
In base 10, what is -1336 + 17651?
16315
In base 9, what is -1280 + -320344?
-321634
In base 7, what is -46225 - 5060?
-54315
In base 10, what is 1579 + 1306?
2885
In base 2, what is -110 - 101111111001100000011?
-101111111001100001001
In base 10, what is -1 + 3538785?
3538784
In base 8, what is -345 + 173173?
172626
In base 3, what is 20020010 - -1200200021?
1220220101
In base 7, what is -114 + -33632361?
-33632505
In base 10, what is -4 - 8410720?
-8410724
In base 13, what is -5 - -7b5a291?
7b5a289
In base 16, what is -3a - 7?
-41
In base 9, what is -31428 - -544?
-30774
In base 11, what is -205a0a56 + -4?
-205a0a5a
In base 14, what is -16 - -44a130?
44a118
In base 6, what is 3155341 + 21?
3155402
In base 7, what is -100300 - 2545?
-103145
In base 11, what is 1 - -226227?
226228
In base 7, what is -2201356 - -1106?
-2200250
In base 6, what is 13503242 + 304?
13503550
In base 6, what is -45011033 - -352?
-45010241
In base 10, what is 397675010 + 0?
397675010
In base 2, what is -1000011 - 10000010010001010001?
-10000010010010010100
In base 7, what is -16665 - 3550?
-23545
In base 11, what is -18424453 + 1?
-18424452
In base 16, what is -47 + 22241?
221fa
In base 10, what is -569180 - -566?
-568614
In base 3, what is -100110100020 - -21?
-100110022222
In base 16, what is -18dbd - -45a?
-18963
In base 10, what is 57992 - -300?
58292
In base 2, what is -10110111011001010010110011 + -111?
-10110111011001010010111010
In base 11, what is 111a6 + 828?
11a23
In base 15, what is 20 + -42e86?
-42e66
In base 10, what is 201 + 793204?
793405
In base 5, what is -1